s + 3*k + 17, -2*s - 4*k + 3 = -7. Let z be (s - 2)/(8/904). Does 8 divide z/15 - (-4)/3?
False
Suppose 0 = 2*a + 229 + 57. Is 6 a factor of a/(-3) + 3/9?
True
Let j = -53 - -96. Let b = 60 - j. Does 6 divide b?
False
Let j be (-7 - 0)/(-8 - -7). Suppose -3 = -5*c + j. Does 14 divide 40 - -3 - (-1 + c)?
True
Suppose -n + 48 = 11*n. Suppose -15 = n*m - 71. Is 7 a factor of m?
True
Suppose 9 = -3*v - 27. Let q be v/(-8) + 9/(-6). Suppose q = -4*h + 2*x + 70, -5*h + 50 = 2*x - 24. Is 8 a factor of h?
True
Let j be (2 - (-28)/(-8))/3*-14. Suppose -j = -a + 28. Is 9 a factor of a?
False
Suppose -2*b + 4 + 1 = m, 2*m - 1 = 5*b. Suppose -1075 = -8*p + m*p. Suppose 3*z - p = 217. Is 36 a factor of z?
True
Suppose 4*f - 23 = -3. Suppose -265 = -3*j + 5*i, -f*j = 2*i - 86 - 304. Is 12 a factor of j?
False
Let c(l) = -3*l**2 + 7*l - 5. Let o be c(5). Let v = o + 155. Suppose -5*d - 3*t + v = 0, 0*d + 3*d + 5*t - 66 = 0. Is d a multiple of 13?
False
Suppose h - 761 = -3*w - 259, w - 154 = -3*h. Let g = w - -3. Is g a multiple of 15?
False
Suppose -4*t = 3*f - 27, 5*t - 7 = -f + 13. Suppose 2*g = -3*c + 11, f*c - 10*c - 12 = g. Does 13 divide g?
True
Let s(k) = 42*k - 14. Let b = -15 + 21. Is s(b) a multiple of 17?
True
Suppose 3*i - 6 = 5*i. Let h be -3 + 2 + (0 - -2). Is 11 a factor of 27 + -2 + h + i?
False
Let c(t) = 6*t - 7. Let a(v) = -17*v + 20. Let d(m) = 3*a(m) + 8*c(m). Let g(z) = 2*z - 3. Let o(p) = -3*d(p) - 4*g(p). Is o(2) a multiple of 2?
True
Let m(l) = -l**3 + 6*l**2 + 9*l + 8. Let k be m(7). Let p = 9 + k. Let o = -8 + p. Is o a multiple of 8?
False
Let t be 90/21 + (-6)/21. Suppose t*x - 58 = -6. Is x a multiple of 4?
False
Suppose 4*n + 2000 = 5*u, 400 = 3*u - 2*u - 3*n. Is 12 a factor of u?
False
Let j(f) = 2*f**3 - 7*f**2 + 6*f - 9. Is 108 a factor of j(11)?
False
Suppose -2*m = 4*j - 44, 2*m - 4*j = -2*m + 64. Suppose 0 = 5*q - m - 72. Is 7 a factor of 6/27 - (-248)/q?
True
Let x be (-45)/(-9) + -1 + 0 + -2. Suppose 6*i - 96 = x*i. Is i a multiple of 4?
True
Suppose -5*r - 2*v = -0 + 19, -5*r + v = 28. Let s(l) = -3*l - 4. Does 11 divide s(r)?
True
Suppose 3*j + 5*q = j + 2729, -5*j + 5*q = -6910. Is 51 a factor of j?
True
Let k = -9 + 13. Suppose -30 = -k*s + 2. Is (0 + -1)/(s/(-312)) a multiple of 13?
True
Suppose 23985 = 3*z + 36*z. Is z a multiple of 15?
True
Let b = -1328 + 1694. Does 4 divide b?
False
Let b(i) = 14*i - 20. Let x be b(5). Does 8 divide (-641)/(-5) - (-40)/x?
False
Is 84 a factor of (4/(-24)*-2)/(12/97596)?
False
Let r = -1109 + 1884. Does 31 divide r?
True
Let f be 1 - 63/14 - 3/(-2). Let z(o) = -7*o - 3 - 2 - 9*o. Is 9 a factor of z(f)?
True
Suppose -3*f + 4*x - 210 = 0, -f - 72 = 2*x - 4*x. Let b be 1/(3/f*-1). Is 4 a factor of 4/b + (-1962)/(-99)?
True
Let n be (60/36*1)/(3/(-189)). Suppose 3*b = -3*z + 456, 958 = 5*b - 5*z + 158. Let k = n + b. Is k a multiple of 9?
False
Does 2 divide -6 + 7 + 258 + 3 + 1?
False
Suppose 2*c = 3*h - 2066, -1425 = -2*h + 5*c - 44. Is 16 a factor of h?
True
Suppose 19*z - 65 = 14*z. Let a = 19 - z. Is a a multiple of 2?
True
Let d be -1 + ((-1)/(-1))/1. Suppose d = -5*u - 0*z - 4*z - 9, 4*u - 3*z = -32. Let k(g) = -10*g - 2. Is 16 a factor of k(u)?
True
Let s(p) = p. Let f be s(9). Let x(q) = 17*q - 8*q - 19*q - q**2 + f. Does 17 divide x(-5)?
True
Suppose 8*p - 5*p + 18 = 0. Let y = 5 + p. Is -5*y/((-5)/(-33)) a multiple of 11?
True
Let p be ((-8)/(-12))/(2/6). Suppose -p*f + 80 = -0*f. Suppose 4*k = 64 + f. Is k a multiple of 12?
False
Suppose 0 = 5*y + 4*t - 2*t - 11189, 0 = 3*y + 5*t - 6721. Is 9 a factor of y?
False
Suppose 5*g = -p + 473, -3*p - 158 = -4*g + 228. Is 41 a factor of g?
False
Let w(n) = 3*n**3 + n**2 - 9*n + 6. Let g(d) = -4*d**3 + 8*d - 5. Let v(i) = -2*g(i) - 3*w(i). Let m be v(-8). Suppose -x + m = 3*x. Does 28 divide x?
True
Suppose 4*c - 40 = -4*h, -4*c = -5*h - 25 + 3. Suppose -4*q + 2*w + c = 3*w, -3*w + 4 = 2*q. Suppose -q*i + 12 = i. Does 4 divide i?
True
Suppose -5*s = -4*z - 887 + 240, -4 = -2*z. Suppose 0 = d - s + 19. Does 28 divide d?
True
Let t(c) = 2*c**2 - c. Let p be (10/4 - 3)*2. Let z be t(p). Suppose 0 = 4*s + 20, 0 = z*x + 8*s - 4*s - 82. Is x a multiple of 17?
True
Let l = 4 - 2. Let o be 6*(21/(-9) + l). Does 14 divide ((-204)/(-8))/(o/(-4))?
False
Let g(r) = r + 115. Does 5 divide g(-14)?
False
Let o = -81 + 166. Is 2 a factor of o?
False
Let v be 0 + (-390)/((-20)/4). Let b = v + -15. Does 7 divide b?
True
Suppose -6*f + 31*f - 61875 = 0. Is 25 a factor of f?
True
Let g(d) be the second derivative of d**5/60 - d**4/24 + 10*d**3/3 + 3*d**2 + 5*d. Let j(q) be the first derivative of g(q). Does 5 divide j(0)?
True
Suppose -3*x = -0 - 9. Let s(r) = -4*r - x*r + r - r**2 + 0*r**2 + 2. Is s(-3) a multiple of 11?
True
Suppose 13*a - 2898 = 1912. Is 10 a factor of a?
True
Suppose -2*x = -w + 7, -8 = w + 5*x - 1. Is 7 a factor of ((-1)/((-1)/(-7)))/(w/(-12))?
True
Let d = -60 + 68. Let w(h) = -h**3 + 10*h**2 - 10*h - 11. Does 37 divide w(d)?
True
Let b = -974 + 2165. Does 8 divide b?
False
Let p(n) = 2*n**2 + 5*n - 14. Let b be p(-6). Suppose -3*d - b = -202. Does 26 divide d?
False
Let j be (-2 - -3 - 0)*1. Let p be (j + -2)/((-8)/112). Let q = 6 + p. Is 10 a factor of q?
True
Suppose 141 = 5*b - 3*k, 0 = 2*b - 5*k - 8 - 37. Does 10 divide ((-96)/(-18))/(4/b)?
True
Is (-2)/(-7) + (-1181)/(-7) + 5 a multiple of 21?
False
Does 16 divide 7 - (11 - 10)*-937?
True
Let x = -652 + 658. Let s = 324 + -185. Suppose s = x*g - 131. Is 9 a factor of g?
True
Is (0 + 2)*55/66*99 a multiple of 11?
True
Let j(s) be the first derivative of s**3/3 - 5*s**2/2 + 9*s + 2. Let d be j(11). Suppose 12*n - d = 11*n. Is n a multiple of 25?
True
Let p be (5 + 85)/(3 - 15/6). Suppose 5*z - 80 = p. Is 13 a factor of z?
True
Suppose 23*d = 16022 - 1141. Is 4 a factor of d?
False
Let o = 19 + 15. Is o a multiple of 3?
False
Let m = 33 + 141. Suppose m = h - 0*p - 3*p, 661 = 4*h - 5*p. Does 10 divide h?
False
Is 28 a factor of -8*(-2)/((-12)/(-273))?
True
Suppose -5*o = -3*r - 12, -4*r + 8*r = -3*o - 16. Let b(i) = 3*i**2 + i + 140. Does 28 divide b(o)?
True
Let c(q) = 11*q - 11. Let d be c(-7). Let p = d - -124. Is p a multiple of 12?
True
Let t be 3/5 + (-81)/(-15). Suppose 686 = t*k + k. Let l = k + -44. Is l a multiple of 12?
False
Suppose t - 17 = -3*h, -4*t - h = -3 - 10. Suppose -2*w + 10*w = -4*w. Suppose -t*p + p + 10 = w. Is p a multiple of 3?
False
Suppose -4*o + 3*a + 34 = -1, a = 4*o - 25. Let m = o + 0. Suppose 2*w - 3*r - 26 = 0, -3*w - r + 38 = -m*r. Is 5 a factor of w?
True
Suppose 2*c - 4*c = -10. Let r(x) = -x**3 + 25*x**2 + 59*x - 38. Let u be r(27). Suppose c*j - u = -4*w, 2*w - 5*j = 59 + 12. Is 18 a factor of w?
False
Suppose u = -3*s + 97, 0 = -2*u + 3*s - 90 + 266. Is (-1)/(-2)*(u + -11) a multiple of 10?
True
Suppose 5*i + 97 - 277 = -4*a, -3*a = 5*i - 180. Let h = -16 + i. Is 9 a factor of h?
False
Suppose 70*x = 38*x + 16960. Is x a multiple of 75?
False
Let t(u) = -21*u + 20. Let s = 50 - 54. Is 31 a factor of t(s)?
False
Suppose 0 = -5*y - 0*y + 5. Let a(h) = 63*h**2 + 5*h - 3. Is a(y) a multiple of 13?
True
Let y = -185 + 546. Does 23 divide y?
False
Let c be 1*((-6)/(-3) - 2). Suppose -5*u + c = 5. Is 13 a factor of u + 29 + 2*-1?
True
Let o be (-11 + 3)*2/1. Let j(u) = -u**3 - 16*u**2 - u - 13. Is j(o) a multiple of 2?
False
Let v(q) = -q**3 + 76*q**2 - 76*q + 326. Is v(75) a multiple of 10?
False
Is ((-10)/3)/(15/(-630)) a multiple of 28?
True
Is (-1057160)/570*3/(-2) a multiple of 13?
True
Suppose -22*g = -25*g + 531. Does 9 divide g?
False
Suppose -20*l + 15*l = -390. Suppose -3*v = 2*z - l, 16 = 2*v + 5*z - 47. Is 4 a factor of v?
True
Let q be (-32 + 37)/(2/(-3) - -1). Suppose -q*a = -10*a - 870. Is 58 a factor of a?
True
Suppose 9*l - 5*l - f - 294 = 0, 0 = 5*l + 2*f - 374. Is 28 a factor of l?
False
Suppose 0 = 4*l - 20 + 4. Let h be (-21)/(-14) + (-42)/l. Let s = 16 + h. Is 3 a factor of s?
False
Let p(t) = -t**2 + 7*t - 7. Let a be p(5). Suppose -a*s - 2237 = 1396. Is 11 a factor of s/(-28) - (-2)/(-8)?
False
Suppose 0 = 4*z - z. Suppose -4*f + 125 = h, -30 = -f + h - z*h. Is f a multiple of 8?
False
Suppose 3*w + 3*j = 3767 + 55, 8 = 4*j. Does 28 divide w?
False
Let n be 6/21 - (-4080)/28. Suppose -6*o - 2 + n = 0. Suppose -